{"id":11,"date":"2017-12-01T21:54:47","date_gmt":"2017-12-01T21:54:47","guid":{"rendered":"http:\/\/leben-in-holz.de\/?page_id=10"},"modified":"2023-04-20T15:05:32","modified_gmt":"2023-04-20T15:05:32","slug":"kontakt","status":"publish","type":"page","link":"https:\/\/leben-in-holz.de\/?page_id=11","title":{"rendered":"IMPRESSUM"},"content":{"rendered":"<div class=\"wp-block-image\">\n<figure class=\"alignright size-large is-resized\"><img loading=\"lazy\" decoding=\"async\" src=\"https:\/\/leben-in-holz.de\/wp-content\/uploads\/2020\/06\/pp4J-1-1024x1024.jpg\" alt=\"\" class=\"wp-image-181\" width=\"139\" height=\"139\" srcset=\"https:\/\/leben-in-holz.de\/wp-content\/uploads\/2020\/06\/pp4J-1-1024x1024.jpg 1024w, https:\/\/leben-in-holz.de\/wp-content\/uploads\/2020\/06\/pp4J-1-300x300.jpg 300w, https:\/\/leben-in-holz.de\/wp-content\/uploads\/2020\/06\/pp4J-1-150x150.jpg 150w, https:\/\/leben-in-holz.de\/wp-content\/uploads\/2020\/06\/pp4J-1-768x768.jpg 768w, https:\/\/leben-in-holz.de\/wp-content\/uploads\/2020\/06\/pp4J-1-100x100.jpg 100w, https:\/\/leben-in-holz.de\/wp-content\/uploads\/2020\/06\/pp4J-1.jpg 1417w\" sizes=\"auto, (max-width: 139px) 100vw, 139px\" \/><\/figure>\n<\/div>\n\n\n<p><strong>Angaben gem\u00e4\u00df \u00a7 5 TMG:<\/strong><\/p>\n\n\n\n<p><span style=\"font-size: 14pt;\">atelier f\u00fcr objektkunst<br><strong>leben-in-holz.de<\/strong><\/span><br>silke doff-sotta &amp; frank siefert<br>leutersbergstr. 47<\/p>\n\n\n\n<p>69250 sch\u00f6nau<\/p>\n\n\n\n<p><strong>kontakt<\/strong><\/p>\n\n\n\n<p>telefon: 0 62 28\/ 91 11 94<br>internet: www.leben-in-holz.de<\/p>\n\n\n\n<p><strong>vertreten durch<\/strong><\/p>\n\n\n\n<p>silke doff-sotta und frank siefert<\/p>\n\n\n\n<h4 class=\"wp-block-heading\"><span style=\"font-size: 14pt;\"><strong>email-kontakt<\/strong><\/span><\/h4>\n\n\n\n<p><\/p>\n\n\n\n<figure class=\"wp-block-table\"><table><tbody><tr><td>nana.s.doff-sotta@leben-in-holz.de<\/td><\/tr><tr><td>frank.siefert@leben-in-holz.de<\/td><\/tr><\/tbody><\/table><\/figure>\n\n\n\n<h4 class=\"wp-block-heading\"><span style=\"font-size: 14pt;\"><strong>rechtliche hinweise<\/strong><\/span><\/h4>\n\n\n\n<h5 class=\"wp-block-heading\">URHEBERRECHTE<\/h5>\n\n\n\n<p>alle auf dieser webseite ver\u00f6ffentlichten texte, bilder und sonstigen informationen unterliegen dem urheberrecht von nana s. doff-sotta und frank siefert. vervielf\u00e4ltigung und weitergabe sind nur mit unserer ausdr\u00fccklichen genehmigung gestattet.<\/p>\n\n\n\n<p>die darstellung dieser webseite in fremden frames ist nur mit schriftlicher erlaubnis zul\u00e4ssig.<\/p>\n\n\n\n<h5 class=\"wp-block-heading\"><strong>disclaimer<\/strong><\/h5>\n\n\n\n<h6 class=\"wp-block-heading\">1. warnhinweis zu inhalten<\/h6>\n\n\n\n<p>die kostenlosen und frei zug\u00e4nglichen inhalte dieser webseite wurden von uns mit gr\u00f6\u00dftm\u00f6glicher sorgfalt erstellt. dennoch \u00fcbernehmen wir keine gew\u00e4hr&nbsp; f\u00fcr die richtigkeit und aktualit\u00e4t der bereitgestellten informationen.<\/p>\n\n\n\n<h6 class=\"wp-block-heading\">2. externe links<\/h6>\n\n\n\n<p>diese website enth\u00e4lt verkn\u00fcpfungen zu webseiten dritter ( sog. &#8222;externe links&#8220;). diese webseiten unterliegen der haftung der jeweiligen betreiber. wir haben bei der erstmaligen verkn\u00fcpfung dieser externen links die fremden inhalte auf m\u00f6gliche rchtsverst\u00f6\u00dfe gepr\u00fcft. zu diesem zeitpunkt waren keine rechtsverst\u00f6\u00dfe ersichtlich. wir haben&nbsp; keinerlei einfluss auf die aktuelle und zuk\u00fcnftige gestaltung und auf die iInhalte der verkn\u00fcpften seiten. das setzen dieser externen links bedeutet nicht, dass wir uns die hinter dem verweis oder link liegenden inhalte zu eigen machen. eine st\u00e4ndige kontrolle der externen links ist f\u00fcr uns ohne konkrete hinweise auf rechtsverst\u00f6\u00dfe nicht zumutbar. bei kenntnis von rechtsverst\u00f6\u00dfen werden jedoch derartige externe Links unverz\u00fcglich gel\u00f6scht.<\/p>\n","protected":false},"excerpt":{"rendered":"<p>Angaben gem\u00e4\u00df \u00a7 5 TMG: atelier f\u00fcr objektkunstleben-in-holz.desilke doff-sotta &amp; frank siefertleutersbergstr. 47 69250 sch\u00f6nau kontakt telefon: 0 62 28\/ 91 11 94internet: www.leben-in-holz.de vertreten durch silke doff-sotta und frank siefert email-kontakt nana.s.doff-sotta@leben-in-holz.de frank.siefert@leben-in-holz.de rechtliche hinweise URHEBERRECHTE alle auf dieser webseite ver\u00f6ffentlichten texte, bilder und sonstigen informationen unterliegen dem urheberrecht von nana s. doff-sotta und &hellip; <\/p>\n<p class=\"link-more\"><a href=\"https:\/\/leben-in-holz.de\/?page_id=11\" class=\"more-link\"><span class=\"screen-reader-text\">\u201eIMPRESSUM\u201c <\/span>weiterlesen<\/a><\/p>\n","protected":false},"author":1,"featured_media":86,"parent":0,"menu_order":0,"comment_status":"closed","ping_status":"closed","template":"","meta":{"footnotes":""},"class_list":["post-11","page","type-page","status-publish","has-post-thumbnail","hentry"],"_links":{"self":[{"href":"https:\/\/leben-in-holz.de\/index.php?rest_route=\/wp\/v2\/pages\/11","targetHints":{"allow":["GET"]}}],"collection":[{"href":"https:\/\/leben-in-holz.de\/index.php?rest_route=\/wp\/v2\/pages"}],"about":[{"href":"https:\/\/leben-in-holz.de\/index.php?rest_route=\/wp\/v2\/types\/page"}],"author":[{"embeddable":true,"href":"https:\/\/leben-in-holz.de\/index.php?rest_route=\/wp\/v2\/users\/1"}],"replies":[{"embeddable":true,"href":"https:\/\/leben-in-holz.de\/index.php?rest_route=%2Fwp%2Fv2%2Fcomments&post=11"}],"version-history":[{"count":9,"href":"https:\/\/leben-in-holz.de\/index.php?rest_route=\/wp\/v2\/pages\/11\/revisions"}],"predecessor-version":[{"id":210,"href":"https:\/\/leben-in-holz.de\/index.php?rest_route=\/wp\/v2\/pages\/11\/revisions\/210"}],"wp:featuredmedia":[{"embeddable":true,"href":"https:\/\/leben-in-holz.de\/index.php?rest_route=\/"}],"wp:attachment":[{"href":"https:\/\/leben-in-holz.de\/index.php?rest_route=%2Fwp%2Fv2%2Fmedia&parent=11"}],"curies":[{"name":"wp","href":"https:\/\/api.w.org\/{rel}","templated":true}]}}